{"id":1554,"date":"2023-12-09T19:54:37","date_gmt":"2023-12-09T19:54:37","guid":{"rendered":"https:\/\/gpi-tehnika.si\/?page_id=1554"},"modified":"2023-12-09T19:55:55","modified_gmt":"2023-12-09T19:55:55","slug":"kapitelj","status":"publish","type":"page","link":"https:\/\/gpi-tehnika.si\/index.php\/kapitelj\/","title":{"rendered":"Razgledna plo\u0161\u010dad Kapitelj"},"content":{"rendered":"\t\t<div data-elementor-type=\"wp-page\" data-elementor-id=\"1554\" class=\"elementor elementor-1554\">\n\t\t\t\t\t\t<section class=\"elementor-section elementor-top-section elementor-element elementor-element-cb29249 elementor-section-boxed elementor-section-height-default elementor-section-height-default\" data-id=\"cb29249\" data-element_type=\"section\" data-e-type=\"section\" data-settings=\"{&quot;background_background&quot;:&quot;classic&quot;}\">\n\t\t\t\t\t\t<div class=\"elementor-container elementor-column-gap-default\">\n\t\t\t\t\t<div class=\"elementor-column elementor-col-100 elementor-top-column elementor-element elementor-element-efbc4d6\" data-id=\"efbc4d6\" data-element_type=\"column\" data-e-type=\"column\" data-settings=\"{&quot;background_background&quot;:&quot;classic&quot;}\">\n\t\t\t<div class=\"elementor-widget-wrap elementor-element-populated\">\n\t\t\t\t\t\t<section class=\"elementor-section elementor-inner-section elementor-element elementor-element-b8dec73 elementor-section-boxed elementor-section-height-default elementor-section-height-default\" data-id=\"b8dec73\" data-element_type=\"section\" data-e-type=\"section\">\n\t\t\t\t\t\t<div class=\"elementor-container elementor-column-gap-default\">\n\t\t\t\t\t<div class=\"elementor-column elementor-col-50 elementor-inner-column elementor-element elementor-element-79c35b3\" data-id=\"79c35b3\" data-element_type=\"column\" data-e-type=\"column\">\n\t\t\t<div class=\"elementor-widget-wrap elementor-element-populated\">\n\t\t\t\t\t\t<div class=\"elementor-element elementor-element-338faf1 elementor-widget elementor-widget-text-editor\" data-id=\"338faf1\" data-element_type=\"widget\" data-e-type=\"widget\" data-widget_type=\"text-editor.default\">\n\t\t\t\t<div class=\"elementor-widget-container\">\n\t\t\t\t\t\t\t\t\t<p>Naro\u010dnik: Mestna ob\u010dina Novo mesto<\/p>\n<p>Arhitektura: Klemen Vodnik in Toma\u017e Slak (Bazaarhitektura d.o.o.)<\/p>\n<p>Leto gradnje: 2022<\/p>\t\t\t\t\t\t\t\t<\/div>\n\t\t\t\t<\/div>\n\t\t\t\t\t<\/div>\n\t\t<\/div>\n\t\t\t\t<div class=\"elementor-column elementor-col-50 elementor-inner-column elementor-element elementor-element-89c24e8\" data-id=\"89c24e8\" data-element_type=\"column\" data-e-type=\"column\">\n\t\t\t<div class=\"elementor-widget-wrap elementor-element-populated\">\n\t\t\t\t\t\t<div class=\"elementor-element elementor-element-cbc2e11 elementor-widget elementor-widget-text-editor\" data-id=\"cbc2e11\" data-element_type=\"widget\" data-e-type=\"widget\" data-widget_type=\"text-editor.default\">\n\t\t\t\t<div class=\"elementor-widget-container\">\n\t\t\t\t\t\t\t\t\t<p>Projekt je obsegal gradnjo novega stopni\u0161\u010da, vmesne plo\u0161\u010dadi in podeste v zvoniku stolne cerkve sv. Nikolaja v Novem mestu<span style=\"font-size: 16px;\">. V objekt se vstopa skozi severna vrata cerkve. Pohodne povr\u0161ine stopni\u0161\u010da in podestov so iz oljenega hrasta, konstrukcija pa je kovinska.&nbsp;<\/span><\/p><p><span style=\"font-size: 16px;\">Razgledna plo\u0161\u010dad, do katere vodi 125 stopnic s tremi vmesnimi podesti se nahaja na nivoju zvonov in je od tal dvignjena 24 metrov. Ponuja razgled na vse \u0161tiri strani neba in \u010dudovito panoramo na Novo mesto.<\/span><\/p>\t\t\t\t\t\t\t\t<\/div>\n\t\t\t\t<\/div>\n\t\t\t\t\t<\/div>\n\t\t<\/div>\n\t\t\t\t\t<\/div>\n\t\t<\/section>\n\t\t\t\t<div class=\"elementor-element elementor-element-65f5ec1 elementor-arrows-position-outside elementor-pagination-position-outside elementor-invisible elementor-widget elementor-widget-image-carousel\" data-id=\"65f5ec1\" data-element_type=\"widget\" data-e-type=\"widget\" data-settings=\"{&quot;slides_to_show&quot;:&quot;2&quot;,&quot;slides_to_scroll&quot;:&quot;1&quot;,&quot;slides_to_show_tablet&quot;:&quot;2&quot;,&quot;slides_to_show_mobile&quot;:&quot;1&quot;,&quot;autoplay&quot;:&quot;no&quot;,&quot;image_spacing_custom&quot;:{&quot;unit&quot;:&quot;px&quot;,&quot;size&quot;:20,&quot;sizes&quot;:[]},&quot;_animation&quot;:&quot;slideInRight&quot;,&quot;navigation&quot;:&quot;both&quot;,&quot;infinite&quot;:&quot;yes&quot;,&quot;speed&quot;:500,&quot;image_spacing_custom_tablet&quot;:{&quot;unit&quot;:&quot;px&quot;,&quot;size&quot;:&quot;&quot;,&quot;sizes&quot;:[]}}\" data-widget_type=\"image-carousel.default\">\n\t\t\t\t<div class=\"elementor-widget-container\">\n\t\t\t\t\t\t\t<div class=\"elementor-image-carousel-wrapper swiper\" role=\"region\" aria-roledescription=\"carousel\" aria-label=\"Image Carousel\" dir=\"ltr\">\n\t\t\t<div class=\"elementor-image-carousel swiper-wrapper\" aria-live=\"polite\">\n\t\t\t\t\t\t\t\t<div class=\"swiper-slide\" role=\"group\" aria-roledescription=\"slide\" aria-label=\"1 of 5\"><figure class=\"swiper-slide-inner\"><img decoding=\"async\" class=\"swiper-slide-image\" src=\"https:\/\/gpi-tehnika.si\/wp-content\/uploads\/2023\/12\/JU_6188-scaled-1.jpeg\" alt=\"JU_6188-scaled\" \/><\/figure><\/div><div class=\"swiper-slide\" role=\"group\" aria-roledescription=\"slide\" aria-label=\"2 of 5\"><figure class=\"swiper-slide-inner\"><img decoding=\"async\" class=\"swiper-slide-image\" src=\"https:\/\/gpi-tehnika.si\/wp-content\/uploads\/2023\/12\/JU_6198-scaled-1.jpeg\" alt=\"JU_6198-scaled\" \/><\/figure><\/div><div class=\"swiper-slide\" role=\"group\" aria-roledescription=\"slide\" aria-label=\"3 of 5\"><figure class=\"swiper-slide-inner\"><img decoding=\"async\" class=\"swiper-slide-image\" src=\"https:\/\/gpi-tehnika.si\/wp-content\/uploads\/2023\/12\/JU_6223-scaled-1.jpeg\" alt=\"JU_6223-scaled\" \/><\/figure><\/div><div class=\"swiper-slide\" role=\"group\" aria-roledescription=\"slide\" aria-label=\"4 of 5\"><figure class=\"swiper-slide-inner\"><img decoding=\"async\" class=\"swiper-slide-image\" src=\"https:\/\/gpi-tehnika.si\/wp-content\/uploads\/2023\/12\/JU_6230-scaled-2.jpeg\" alt=\"JU_6230-scaled\" \/><\/figure><\/div><div class=\"swiper-slide\" role=\"group\" aria-roledescription=\"slide\" aria-label=\"5 of 5\"><figure class=\"swiper-slide-inner\"><img decoding=\"async\" class=\"swiper-slide-image\" src=\"https:\/\/gpi-tehnika.si\/wp-content\/uploads\/2023\/12\/JU_6243-scaled-1.jpeg\" alt=\"JU_6243-scaled\" \/><\/figure><\/div>\t\t\t<\/div>\n\t\t\t\t\t\t\t\t\t\t\t\t<div class=\"elementor-swiper-button elementor-swiper-button-prev\" role=\"button\" tabindex=\"0\">\n\t\t\t\t\t\t<i aria-hidden=\"true\" class=\"eicon-chevron-left\"><\/i>\t\t\t\t\t<\/div>\n\t\t\t\t\t<div class=\"elementor-swiper-button elementor-swiper-button-next\" role=\"button\" tabindex=\"0\">\n\t\t\t\t\t\t<i aria-hidden=\"true\" class=\"eicon-chevron-right\"><\/i>\t\t\t\t\t<\/div>\n\t\t\t\t\n\t\t\t\t\t\t\t\t\t<div class=\"swiper-pagination\"><\/div>\n\t\t\t\t\t\t\t\t\t<\/div>\n\t\t\t\t\t\t<\/div>\n\t\t\t\t<\/div>\n\t\t\t\t\t<\/div>\n\t\t<\/div>\n\t\t\t\t\t<\/div>\n\t\t<\/section>\n\t\t\t\t<\/div>\n\t\t","protected":false},"excerpt":{"rendered":"<p>Naro\u010dnik: Mestna ob\u010dina Novo mesto Arhitektura: Klemen Vodnik in Toma\u017e Slak (Bazaarhitektura d.o.o.) Leto gradnje: 2022 Projekt je obsegal gradnjo novega stopni\u0161\u010da, vmesne plo\u0161\u010dadi in podeste v zvoniku stolne cerkve sv. Nikolaja v Novem mestu. V objekt se vstopa skozi severna vrata cerkve. Pohodne povr\u0161ine stopni\u0161\u010da in podestov so iz oljenega hrasta, konstrukcija pa je [&hellip;]<\/p>\n","protected":false},"author":1,"featured_media":0,"parent":0,"menu_order":0,"comment_status":"closed","ping_status":"closed","template":"","meta":{"_uag_custom_page_level_css":"","site-sidebar-layout":"default","site-content-layout":"","ast-site-content-layout":"default","site-content-style":"default","site-sidebar-style":"default","ast-global-header-display":"","ast-banner-title-visibility":"","ast-main-header-display":"","ast-hfb-above-header-display":"","ast-hfb-below-header-display":"","ast-hfb-mobile-header-display":"","site-post-title":"","ast-breadcrumbs-content":"","ast-featured-img":"","footer-sml-layout":"","ast-disable-related-posts":"","theme-transparent-header-meta":"","adv-header-id-meta":"","stick-header-meta":"","header-above-stick-meta":"","header-main-stick-meta":"","header-below-stick-meta":"","astra-migrate-meta-layouts":"default","ast-page-background-enabled":"default","ast-page-background-meta":{"desktop":{"background-color":"","background-image":"","background-repeat":"repeat","background-position":"center center","background-size":"auto","background-attachment":"scroll","background-type":"","background-media":"","overlay-type":"","overlay-color":"","overlay-opacity":"","overlay-gradient":""},"tablet":{"background-color":"","background-image":"","background-repeat":"repeat","background-position":"center center","background-size":"auto","background-attachment":"scroll","background-type":"","background-media":"","overlay-type":"","overlay-color":"","overlay-opacity":"","overlay-gradient":""},"mobile":{"background-color":"","background-image":"","background-repeat":"repeat","background-position":"center center","background-size":"auto","background-attachment":"scroll","background-type":"","background-media":"","overlay-type":"","overlay-color":"","overlay-opacity":"","overlay-gradient":""}},"ast-content-background-meta":{"desktop":{"background-color":"var(--ast-global-color-5)","background-image":"","background-repeat":"repeat","background-position":"center center","background-size":"auto","background-attachment":"scroll","background-type":"","background-media":"","overlay-type":"","overlay-color":"","overlay-opacity":"","overlay-gradient":""},"tablet":{"background-color":"var(--ast-global-color-5)","background-image":"","background-repeat":"repeat","background-position":"center center","background-size":"auto","background-attachment":"scroll","background-type":"","background-media":"","overlay-type":"","overlay-color":"","overlay-opacity":"","overlay-gradient":""},"mobile":{"background-color":"var(--ast-global-color-5)","background-image":"","background-repeat":"repeat","background-position":"center center","background-size":"auto","background-attachment":"scroll","background-type":"","background-media":"","overlay-type":"","overlay-color":"","overlay-opacity":"","overlay-gradient":""}},"footnotes":""},"class_list":["post-1554","page","type-page","status-publish","hentry"],"yoast_head":"<!-- This site is optimized with the Yoast SEO plugin v27.5 - https:\/\/yoast.com\/product\/yoast-seo-wordpress\/ -->\n<title>Razgledna plo\u0161\u010dad Kapitelj - GPI Tehnika<\/title>\n<meta name=\"robots\" content=\"index, follow, max-snippet:-1, max-image-preview:large, max-video-preview:-1\" \/>\n<link rel=\"canonical\" href=\"https:\/\/gpi-tehnika.si\/index.php\/kapitelj\/\" \/>\n<meta property=\"og:locale\" content=\"sl_SI\" \/>\n<meta property=\"og:type\" content=\"article\" \/>\n<meta property=\"og:title\" content=\"Razgledna plo\u0161\u010dad Kapitelj - GPI Tehnika\" \/>\n<meta property=\"og:description\" content=\"Naro\u010dnik: Mestna ob\u010dina Novo mesto Arhitektura: Klemen Vodnik in Toma\u017e Slak (Bazaarhitektura d.o.o.) Leto gradnje: 2022 Projekt je obsegal gradnjo novega stopni\u0161\u010da, vmesne plo\u0161\u010dadi in podeste v zvoniku stolne cerkve sv. Nikolaja v Novem mestu. V objekt se vstopa skozi severna vrata cerkve. Pohodne povr\u0161ine stopni\u0161\u010da in podestov so iz oljenega hrasta, konstrukcija pa je [&hellip;]\" \/>\n<meta property=\"og:url\" content=\"https:\/\/gpi-tehnika.si\/index.php\/kapitelj\/\" \/>\n<meta property=\"og:site_name\" content=\"GPI Tehnika\" \/>\n<meta property=\"article:modified_time\" content=\"2023-12-09T19:55:55+00:00\" \/>\n<meta property=\"og:image\" content=\"https:\/\/gpi-tehnika.si\/wp-content\/uploads\/2023\/12\/JU_6188-scaled-1.jpeg\" \/>\n<meta name=\"twitter:card\" content=\"summary_large_image\" \/>\n<meta name=\"twitter:label1\" content=\"Est. reading time\" \/>\n\t<meta name=\"twitter:data1\" content=\"3 minute\" \/>\n<script type=\"application\/ld+json\" class=\"yoast-schema-graph\">{\"@context\":\"https:\\\/\\\/schema.org\",\"@graph\":[{\"@type\":\"WebPage\",\"@id\":\"https:\\\/\\\/gpi-tehnika.si\\\/index.php\\\/kapitelj\\\/\",\"url\":\"https:\\\/\\\/gpi-tehnika.si\\\/index.php\\\/kapitelj\\\/\",\"name\":\"Razgledna plo\u0161\u010dad Kapitelj - GPI Tehnika\",\"isPartOf\":{\"@id\":\"https:\\\/\\\/gpi-tehnika.si\\\/#website\"},\"primaryImageOfPage\":{\"@id\":\"https:\\\/\\\/gpi-tehnika.si\\\/index.php\\\/kapitelj\\\/#primaryimage\"},\"image\":{\"@id\":\"https:\\\/\\\/gpi-tehnika.si\\\/index.php\\\/kapitelj\\\/#primaryimage\"},\"thumbnailUrl\":\"https:\\\/\\\/gpi-tehnika.si\\\/wp-content\\\/uploads\\\/2023\\\/12\\\/JU_6188-scaled-1.jpeg\",\"datePublished\":\"2023-12-09T19:54:37+00:00\",\"dateModified\":\"2023-12-09T19:55:55+00:00\",\"breadcrumb\":{\"@id\":\"https:\\\/\\\/gpi-tehnika.si\\\/index.php\\\/kapitelj\\\/#breadcrumb\"},\"inLanguage\":\"sl-SI\",\"potentialAction\":[{\"@type\":\"ReadAction\",\"target\":[\"https:\\\/\\\/gpi-tehnika.si\\\/index.php\\\/kapitelj\\\/\"]}]},{\"@type\":\"ImageObject\",\"inLanguage\":\"sl-SI\",\"@id\":\"https:\\\/\\\/gpi-tehnika.si\\\/index.php\\\/kapitelj\\\/#primaryimage\",\"url\":\"https:\\\/\\\/gpi-tehnika.si\\\/wp-content\\\/uploads\\\/2023\\\/12\\\/JU_6188-scaled-1.jpeg\",\"contentUrl\":\"https:\\\/\\\/gpi-tehnika.si\\\/wp-content\\\/uploads\\\/2023\\\/12\\\/JU_6188-scaled-1.jpeg\",\"width\":2000,\"height\":1333},{\"@type\":\"BreadcrumbList\",\"@id\":\"https:\\\/\\\/gpi-tehnika.si\\\/index.php\\\/kapitelj\\\/#breadcrumb\",\"itemListElement\":[{\"@type\":\"ListItem\",\"position\":1,\"name\":\"Home\",\"item\":\"https:\\\/\\\/gpi-tehnika.si\\\/\"},{\"@type\":\"ListItem\",\"position\":2,\"name\":\"Razgledna plo\u0161\u010dad Kapitelj\"}]},{\"@type\":\"WebSite\",\"@id\":\"https:\\\/\\\/gpi-tehnika.si\\\/#website\",\"url\":\"https:\\\/\\\/gpi-tehnika.si\\\/\",\"name\":\"GPI Tehnika\",\"description\":\"gradimo va\u0161e vizije\",\"publisher\":{\"@id\":\"https:\\\/\\\/gpi-tehnika.si\\\/#organization\"},\"potentialAction\":[{\"@type\":\"SearchAction\",\"target\":{\"@type\":\"EntryPoint\",\"urlTemplate\":\"https:\\\/\\\/gpi-tehnika.si\\\/?s={search_term_string}\"},\"query-input\":{\"@type\":\"PropertyValueSpecification\",\"valueRequired\":true,\"valueName\":\"search_term_string\"}}],\"inLanguage\":\"sl-SI\"},{\"@type\":\"Organization\",\"@id\":\"https:\\\/\\\/gpi-tehnika.si\\\/#organization\",\"name\":\"GPI Tehnika\",\"url\":\"https:\\\/\\\/gpi-tehnika.si\\\/\",\"logo\":{\"@type\":\"ImageObject\",\"inLanguage\":\"sl-SI\",\"@id\":\"https:\\\/\\\/gpi-tehnika.si\\\/#\\\/schema\\\/logo\\\/image\\\/\",\"url\":\"https:\\\/\\\/gpi-tehnika.si\\\/wp-content\\\/uploads\\\/2021\\\/02\\\/cropped-logo-2020.jpg\",\"contentUrl\":\"https:\\\/\\\/gpi-tehnika.si\\\/wp-content\\\/uploads\\\/2021\\\/02\\\/cropped-logo-2020.jpg\",\"width\":1185,\"height\":395,\"caption\":\"GPI Tehnika\"},\"image\":{\"@id\":\"https:\\\/\\\/gpi-tehnika.si\\\/#\\\/schema\\\/logo\\\/image\\\/\"}}]}<\/script>\n<!-- \/ Yoast SEO plugin. -->","yoast_head_json":{"title":"Razgledna plo\u0161\u010dad Kapitelj - GPI Tehnika","robots":{"index":"index","follow":"follow","max-snippet":"max-snippet:-1","max-image-preview":"max-image-preview:large","max-video-preview":"max-video-preview:-1"},"canonical":"https:\/\/gpi-tehnika.si\/index.php\/kapitelj\/","og_locale":"sl_SI","og_type":"article","og_title":"Razgledna plo\u0161\u010dad Kapitelj - GPI Tehnika","og_description":"Naro\u010dnik: Mestna ob\u010dina Novo mesto Arhitektura: Klemen Vodnik in Toma\u017e Slak (Bazaarhitektura d.o.o.) Leto gradnje: 2022 Projekt je obsegal gradnjo novega stopni\u0161\u010da, vmesne plo\u0161\u010dadi in podeste v zvoniku stolne cerkve sv. Nikolaja v Novem mestu. V objekt se vstopa skozi severna vrata cerkve. Pohodne povr\u0161ine stopni\u0161\u010da in podestov so iz oljenega hrasta, konstrukcija pa je [&hellip;]","og_url":"https:\/\/gpi-tehnika.si\/index.php\/kapitelj\/","og_site_name":"GPI Tehnika","article_modified_time":"2023-12-09T19:55:55+00:00","og_image":[{"url":"https:\/\/gpi-tehnika.si\/wp-content\/uploads\/2023\/12\/JU_6188-scaled-1.jpeg","type":"","width":"","height":""}],"twitter_card":"summary_large_image","twitter_misc":{"Est. reading time":"3 minute"},"schema":{"@context":"https:\/\/schema.org","@graph":[{"@type":"WebPage","@id":"https:\/\/gpi-tehnika.si\/index.php\/kapitelj\/","url":"https:\/\/gpi-tehnika.si\/index.php\/kapitelj\/","name":"Razgledna plo\u0161\u010dad Kapitelj - GPI Tehnika","isPartOf":{"@id":"https:\/\/gpi-tehnika.si\/#website"},"primaryImageOfPage":{"@id":"https:\/\/gpi-tehnika.si\/index.php\/kapitelj\/#primaryimage"},"image":{"@id":"https:\/\/gpi-tehnika.si\/index.php\/kapitelj\/#primaryimage"},"thumbnailUrl":"https:\/\/gpi-tehnika.si\/wp-content\/uploads\/2023\/12\/JU_6188-scaled-1.jpeg","datePublished":"2023-12-09T19:54:37+00:00","dateModified":"2023-12-09T19:55:55+00:00","breadcrumb":{"@id":"https:\/\/gpi-tehnika.si\/index.php\/kapitelj\/#breadcrumb"},"inLanguage":"sl-SI","potentialAction":[{"@type":"ReadAction","target":["https:\/\/gpi-tehnika.si\/index.php\/kapitelj\/"]}]},{"@type":"ImageObject","inLanguage":"sl-SI","@id":"https:\/\/gpi-tehnika.si\/index.php\/kapitelj\/#primaryimage","url":"https:\/\/gpi-tehnika.si\/wp-content\/uploads\/2023\/12\/JU_6188-scaled-1.jpeg","contentUrl":"https:\/\/gpi-tehnika.si\/wp-content\/uploads\/2023\/12\/JU_6188-scaled-1.jpeg","width":2000,"height":1333},{"@type":"BreadcrumbList","@id":"https:\/\/gpi-tehnika.si\/index.php\/kapitelj\/#breadcrumb","itemListElement":[{"@type":"ListItem","position":1,"name":"Home","item":"https:\/\/gpi-tehnika.si\/"},{"@type":"ListItem","position":2,"name":"Razgledna plo\u0161\u010dad Kapitelj"}]},{"@type":"WebSite","@id":"https:\/\/gpi-tehnika.si\/#website","url":"https:\/\/gpi-tehnika.si\/","name":"GPI Tehnika","description":"gradimo va\u0161e vizije","publisher":{"@id":"https:\/\/gpi-tehnika.si\/#organization"},"potentialAction":[{"@type":"SearchAction","target":{"@type":"EntryPoint","urlTemplate":"https:\/\/gpi-tehnika.si\/?s={search_term_string}"},"query-input":{"@type":"PropertyValueSpecification","valueRequired":true,"valueName":"search_term_string"}}],"inLanguage":"sl-SI"},{"@type":"Organization","@id":"https:\/\/gpi-tehnika.si\/#organization","name":"GPI Tehnika","url":"https:\/\/gpi-tehnika.si\/","logo":{"@type":"ImageObject","inLanguage":"sl-SI","@id":"https:\/\/gpi-tehnika.si\/#\/schema\/logo\/image\/","url":"https:\/\/gpi-tehnika.si\/wp-content\/uploads\/2021\/02\/cropped-logo-2020.jpg","contentUrl":"https:\/\/gpi-tehnika.si\/wp-content\/uploads\/2021\/02\/cropped-logo-2020.jpg","width":1185,"height":395,"caption":"GPI Tehnika"},"image":{"@id":"https:\/\/gpi-tehnika.si\/#\/schema\/logo\/image\/"}}]}},"uagb_featured_image_src":{"full":false,"thumbnail":false,"medium":false,"medium_large":false,"large":false,"1536x1536":false,"2048x2048":false},"uagb_author_info":{"display_name":"admin","author_link":"https:\/\/gpi-tehnika.si\/index.php\/author\/gpitehnikausr2\/"},"uagb_comment_info":0,"uagb_excerpt":"Naro\u010dnik: Mestna ob\u010dina Novo mesto Arhitektura: Klemen Vodnik in Toma\u017e Slak (Bazaarhitektura d.o.o.) Leto gradnje: 2022 Projekt je obsegal gradnjo novega stopni\u0161\u010da, vmesne plo\u0161\u010dadi in podeste v zvoniku stolne cerkve sv. Nikolaja v Novem mestu. V objekt se vstopa skozi severna vrata cerkve. Pohodne povr\u0161ine stopni\u0161\u010da in podestov so iz oljenega hrasta, konstrukcija pa je&hellip;","_links":{"self":[{"href":"https:\/\/gpi-tehnika.si\/index.php\/wp-json\/wp\/v2\/pages\/1554","targetHints":{"allow":["GET"]}}],"collection":[{"href":"https:\/\/gpi-tehnika.si\/index.php\/wp-json\/wp\/v2\/pages"}],"about":[{"href":"https:\/\/gpi-tehnika.si\/index.php\/wp-json\/wp\/v2\/types\/page"}],"author":[{"embeddable":true,"href":"https:\/\/gpi-tehnika.si\/index.php\/wp-json\/wp\/v2\/users\/1"}],"replies":[{"embeddable":true,"href":"https:\/\/gpi-tehnika.si\/index.php\/wp-json\/wp\/v2\/comments?post=1554"}],"version-history":[{"count":5,"href":"https:\/\/gpi-tehnika.si\/index.php\/wp-json\/wp\/v2\/pages\/1554\/revisions"}],"predecessor-version":[{"id":1565,"href":"https:\/\/gpi-tehnika.si\/index.php\/wp-json\/wp\/v2\/pages\/1554\/revisions\/1565"}],"wp:attachment":[{"href":"https:\/\/gpi-tehnika.si\/index.php\/wp-json\/wp\/v2\/media?parent=1554"}],"curies":[{"name":"wp","href":"https:\/\/api.w.org\/{rel}","templated":true}]}}